nder when (4/(-3))/(25/(-450)) + r is divided by 5?
4
Let a(d) = 96*d**2 + 182*d + 3. What is the remainder when 1325 is divided by a(-2)?
14
Suppose 0 = 69*p - 73*p - 4*r + 340, 0 = -2*p + 5*r + 142. Calculate the remainder when 519 is divided by p.
33
Let d = -28839 - -28968. Calculate the remainder when 1423 is divided by d.
4
Suppose 88 = -i + 56. Let l = 77 + i. Suppose 3*x - 65 = 10. Calculate the remainder when l is divided by x.
20
Let d be 87600/96 + 3/2. Suppose 0 = -20*b + d + 1946. What is the remainder when b is divided by 48?
47
Suppose -72*t + 55*t - 2775 = -42*t. What is the remainder when 832 is divided by t?
55
Let g(z) = z**3 - 2*z**2 - 4*z + 1. Suppose -8*c + 24 = -0. Let h be g(c). Calculate the remainder when 118 is divided by -34*(h - 3/(-2)).
16
Let w be 48924/135 + (-6)/(-10). Let c = w - 329. What is the remainder when c is divided by (-6)/(-9) + (-48)/(-9)?
4
Suppose -5*o + 264 = z, -5*z - 3*o + 1349 = 95. Let f(b) = -21*b**3 + 103*b**2 + 22*b - 50. Calculate the remainder when z is divided by f(5).
9
Let l(m) be the third derivative of 13*m**6/120 - m**5/60 + 5*m**2. Let w = 199 + -164. What is the remainder when w is divided by l(1)?
11
Suppose 14*r = -0*r. Suppose -u + 5*c + 24 = r, -2*c - 4 = -2*u + 4. What is the remainder when 74 is divided by (4 - -35)*u/(-1)?
35
Let n = -9540 + 9554. Let o = 225 - 130. Calculate the remainder when o is divided by n.
11
Let h = -10040 - -10055. What is the remainder when (1 - 0)*(151 - -12) is divided by h?
13
Let y = -40 + 71. What is the remainder when 287 is divided by y?
8
Suppose 0 = 3*b + 4*j - 90, 2*b = -4*j + 62 - 6. Let x be (1/3)/(37/14097). Suppose 0 = 3*z - x + b. Calculate the remainder when 150 is divided by z.
26
Let z = 31 + -8. Suppose -4*n - 52 = -428. Let y = n - 80. Calculate the remainder when z is divided by y.
9
What is the remainder when 13/((-17)/(-136) - (78/(-27) + 3)) is divided by 46?
16
Let o(n) = n**3 + 20*n**2 + 81*n - 3. Let q(y) = 6*y + 1 + 3 - 9*y**2 - 2*y**3 + 3*y**3. What is the remainder when q(9) is divided by o(-6)?
13
Let h(c) = 11*c - 18. Suppose 19*g + 15 = 5*l + 20*g, 4*g + 24 = l. What is the remainder when 51 is divided by h(l)?
25
Let a(h) = -h - 4*h**2 + h**2 + 5 + 5*h**2. Suppose -z - 3*x + 18 = 0, 0 = -2*x + 10 - 2. What is the remainder when a(4) is divided by z?
3
Let z(u) = -u**2 - 85*u - 1580. Calculate the remainder when z(-40) is divided by 166.
54
Let w(n) = -n**2 + 11*n - 18. Let d be w(9). Let i(z) = z**3 - z**2 - 3*z + 82. What is the remainder when i(d) is divided by 21?
19
Let x = -543 + 549. What is the remainder when 2385 is divided by x?
3
Let y = -468 - -514. Let l = 206 - 196. Calculate the remainder when y is divided by l.
6
Let o = 72245 + -72199. Suppose 5 = x - 11. Calculate the remainder when o is divided by x.
14
Let k = 79 + -83. What is the remainder when 59 is divided by k/26 - (-7056)/234?
29
Suppose a + 2*m = 59, 2*a = 5*m - 8*m + 116. What is the remainder when (12/(-3) - -1) + 221 is divided by a?
53
Let o be (2 + 22/(-8))*(-8)/3. Suppose -2*l = x - 6*x + 150, o*x - l - 61 = 0. Calculate the remainder when 109 is divided by x.
25
Let k(r) = r**3 - 21*r**2 - 20*r + 107. Let m be k(22). Let y = m - 106. Calculate the remainder when 178 is divided by y.
43
Let p(x) = 5*x**2 - 4*x + 2. Let f = 194 - 29. Let y = -112 + f. What is the remainder when y is divided by p(2)?
11
Suppose -4*p = 14 - 86. What is the remainder when p is divided by (243/18 + -6)*6/9?
3
Suppose -680 = -5*i + 5*u, 0 = -3*i + 114*u - 112*u + 409. What is the remainder when 1639 is divided by i?
132
Let s(q) = q**3 - 29*q**2 + 146*q - 31. Calculate the remainder when 218 is divided by s(5).
20
Let m be (-35)/14*(-12)/(-10) + 1577. Suppose 0 = 11*k - 5301 - m. Suppose 21*y + k = 26*y. Calculate the remainder when y is divided by 42.
41
Let r = -42 + 42. Suppose -u - u = r. Suppose u = 16*g - 10*g - 114. Calculate the remainder when 71 is divided by g.
14
Suppose -a = 2*a. Suppose w - 4*w + 108 = a. Suppose -895 = 128*f - 2314 - 1269. Calculate the remainder when w is divided by f.
15
Let c(u) = 3*u - 96. What is the remainder when 277 is divided by c(33)?
1
Suppose 0 = 4*m - 38 - 130. Suppose v = -3*g + 4*g + m, -83 = -2*v + g. Let j = -5 + v. What is the remainder when j is divided by 13?
10
Suppose 2*i = 210 + 362. Suppose -i = -4*z - 14. What is the remainder when z is divided by 19?
11
Let u = 1536 + -1342. What is the remainder when u is divided by 48?
2
Let c(f) = 2*f**2 + 30*f - 71. What is the remainder when c(-23) is divided by 296?
1
Suppose -10*k = -84 + 34. Suppose q + k*c - 49 = 0, -6*c + 8 = -2*c. Let f(z) = -z**3 + 5*z**2 + z + 6. What is the remainder when q is divided by f(5)?
6
Let d(o) = -o**2 - 6*o - 16. Let c be d(10). Let m = c + 188. What is the remainder when 91 is divided by m?
7
Suppose 3*u - 176 = 280. Suppose 1048 - 3336 = -104*w. What is the remainder when u is divided by w?
20
Let g be (8/(320/(-72)))/((-3)/65). Suppose -1160 - 2311 = -g*a. Calculate the remainder when a is divided by 45.
44
Let u(i) = 5*i**2 + 2*i + 3. Let x(f) = -8*f**2 - 4*f - 6. Let k(p) = 5*u(p) + 2*x(p). Let o = 18 + 8. Calculate the remainder when o is divided by k(-1).
6
Let v = 198 + -122. Let d = v - 73. Calculate the remainder when 16 is divided by d.
1
Calculate the remainder when 2704 is divided by 6/(-39) + (8/(-10))/(676/(-108290)).
16
Let g(x) = 4*x**2 - 8. Let m = -249 + 629. Suppose b - 2*k - 90 = 0, 5*b + 5*k - k = m. Calculate the remainder when b is divided by g(3).
24
Suppose -5*q = p + 18, 2*p + 2*q = -3*p - 67. Let x = 22 + p. Calculate the remainder when ((-22)/(-66))/(1 + (-512)/516) is divided by x.
7
Suppose 4*s + 1480 = 5*k, k - 5*s - 67 = 229. What is the remainder when k is divided by 129?
38
What is the remainder when 132 is divided by 87 - (-3)/9*27?
36
Let q = -51 + 13. Let c = 77 + q. Suppose 2*r = -r + c. Calculate the remainder when 37 is divided by r.
11
Let r(i) = -3*i - 45. Let l(s) = -155*s - 3554. What is the remainder when l(-24) is divided by r(-22)?
19
Let x = 3378 + 3279. What is the remainder when x is divided by 148?
145
Let n = 0 + 15. Suppose -17*c - 3*x + 14 = -19*c, 0 = 4*c + 5*x + 6. Let s(m) = 2*m**3 + 5*m**2 - 11*m + 8. What is the remainder when n is divided by s(c)?
3
Calculate the remainder when 709 + (4/(96/3))/((-4)/(-32)) is divided by 22.
6
Suppose 5*x - 65 = -4*a, 2*x + 4*a = 15 + 11. Let g = x - 1. What is the remainder when 106/(-2)*(81/189 + (-10)/7) is divided by g?
5
Let i be 14/(-1)*16/(-32). Let w be i - (-1*(-2 + 2) - -2). Suppose w*c - 61 = 479. What is the remainder when c is divided by 37?
34
Let d(z) = -z + 1485. Calculate the remainder when d(24) is divided by 24.
21
Calculate the remainder when 1857 is divided by (11/(-1))/((-21)/(-65) + (-26)/65).
141
Let f = -4029 + 4031. Calculate the remainder when 1331 is divided by f.
1
What is the remainder when 20745 is divided by (-101 - -157) + 2/2?
54
Calculate the remainder when 719 is divided by (1496/(-133) - (-22)/209)/((-36)/168).
43
Let b(p) = -126*p**2 - 34*p + 64. Let j be b(2). Let a = j - -968. What is the remainder when a is divided by 14?
12
Calculate the remainder when 3716 is divided by 14*(-6)/(-462) + (-2 - (-1404)/22).
58
Let a be 1/((10/4)/(-5))*-2. Suppose -338 = -4*f + 2*w + 420, -20 = -a*w. What is the remainder when f is divided by 49?
45
Let d be (6/4)/(4/8). Suppose -g - 298 = 4*q, -6*q + d*q - 3*g - 228 = 0. What is the remainder when (-3)/(-3) + q/(-2) is divided by 10?
8
Suppose 27*q = -5*x + 28*q + 1413, -4*x + 1134 = -2*q. What is the remainder when 304 is divided by x?
22
Suppose 3*n + 2772 = 4*o + 2*n, -2*o + 1372 = -4*n. Let v = 705 - o. Calculate the remainder when 116 is divided by v.
6
Let v(p) = -10*p - 26. Suppose 12 = -6*b + 9*b. Suppose 2*f = b*y - 110, -2*f + 142 = 2*y + 3*y. Calculate the remainder when v(-8) is divided by y.
26
Let n = 29 - 28. Calculate the remainder when 149/n + 1 + -5 + 0 is divided by 37.
34
Suppose 0*x - 10*x + 1000 = 0. Suppose -516*z + x = -515*z. Calculate the remainder when z is divided by 15.
10
Let k = 54 - 48. Suppose -3*d + 5*z + 4 - k = 0, -2*z - 4 = -2*d. Suppose 0 = -10*b + 8*b + d. Calculate the remainder when 7 is divided by b.
1
Suppose 